by w.
7
Let t = -35 - -90. Calculate the remainder when t is divided by 31.
24
Let d be 76/16 + (-4)/(-16). Suppose d*k - 39 = 131. Calculate the remainder when k is divided by 9.
7
Let p = 7 - 8. Let h = 9 + p. Calculate the remainder when 4/(-16) - (-242)/8 is divided by h.
6
Let c = 43 - 28. Calculate the remainder when c is divided by 4.
3
Suppose 5*u - 2*u + 18 = 0. Let j(v) = 4*v**2 + 7*v + 1. Calculate the remainder when j(u) is divided by 26.
25
Suppose -2*a = -79 + 41. What is the remainder when 51 is divided by a?
13
Suppose 2*m - 66 = 4*r, -96 = -3*m - 0*r + 3*r. Suppose 304 = 5*z + 14*z. Calculate the remainder when m is divided by z.
15
Suppose 4*i = -5*f + 43, -3 = -f - 0. What is the remainder when 26 is divided by i?
5
Let u = 0 + 0. Suppose i - x = 8, u = -2*x - x. Calculate the remainder when i is divided by (-26)/(-10) - (-6)/15.
2
Let i(v) be the third derivative of -7*v**4/8 - v**3/3 - 3*v**2. Calculate the remainder when i(-3) is divided by 21.
19
Calculate the remainder when 88/6*30/10 is divided by 15.
14
Suppose -3*y - 4*k + 36 = -y, -2*k + 58 = 5*y. Let z(r) = r + 8. Let a be z(0). Let b(i) = 3*i - 6. Calculate the remainder when b(a) is divided by y.
8
Suppose -z = -4*z + 99. Let q = 17 + -31. Let g = q + 23. Calculate the remainder when z is divided by g.
6
Let l(z) = 7*z**2 - 6*z - 8*z**2 + 19*z - 3 - 1. Calculate the remainder when 76 is divided by l(10).
24
Suppose 2*w + 0*w - 52 = 0. Suppose -1 = 5*x - w. Suppose 4*g - 16 = -5*u, 0 = 3*u + u. Calculate the remainder when x is divided by g.
1
Let u(w) = w**2 - 24*w + 9. Suppose -4*g + 163 = 23. Calculate the remainder when g is divided by u(24).
8
Suppose -2*c - 3 + 14 = a, 0 = 2*c. Let s be (60/50)/(3/50). What is the remainder when ((-24)/5)/((-3)/s) is divided by a?
10
Let h(p) be the third derivative of p**5/60 + p**4/24 + p**3/6 + 2*p**2. Calculate the remainder when 2 is divided by h(0).
0
Suppose -q = -3*a + 44, 0 = -a - 4*a + 2*q + 72. Calculate the remainder when a is divided by 9.
7
What is the remainder when (-222)/(((-105)/10)/7) is divided by 30?
28
Suppose -2*b - 5*h = -25 - 41, 66 = 2*b - h. Suppose -2*w + 144 = 2*u, -b + 187 = 2*w + 4*u. Let q = 223 - 200. What is the remainder when w is divided by q?
21
Suppose 0 = -2*x + 5*f, 0*f + f - 14 = -x. Suppose -37 = -2*k + 1. What is the remainder when k is divided by x?
9
Let r = 18 + -16. Suppose 0 = -r*l + c + 38, -3*l + 5*c = l - 88. Calculate the remainder when l is divided by 10.
7
Let o(r) = r**2 - 12*r + 16. What is the remainder when 31 is divided by o(12)?
15
Let b be 5/(-4) - (-1)/4. Let l be 114*(b + (-2)/(-6)). Calculate the remainder when 1/(l/(-74) - 1) is divided by 13.
11
Suppose 5*n = -x + 43, 5*x + 0*n - 127 = -3*n. Let u = 22 + -12. Calculate the remainder when x is divided by (-4)/u - (-352)/55.
5
Let g(m) = 4*m - 8. What is the remainder when 57 is divided by g(7)?
17
Let y(u) = -u**2 + 6 + 0 + 1 - 2 - 5*u. Calculate the remainder when 9 is divided by y(-5).
4
Suppose 15 = 2*o + 19. What is the remainder when 53 is divided by (-2 - -15) + o/(-2)?
11
Calculate the remainder when 34 is divided by -3 + (-296)/(-32) + (-1)/4.
4
Calculate the remainder when 28 + (5 - (4 + 0)) is divided by 8.
5
Let l = 32 - -8. Let h = 90 - l. Suppose t + 5*u - 42 = 0, 4*u = -4*t + 102 + h. Calculate the remainder when t is divided by 13.
11
Let n be 3/(-6) - 34/(-4). Let l be n/(-20) + 56/(-10). What is the remainder when 16 is divided by (l/7)/(1/(-7))?
4
Let w = 0 - -62. Calculate the remainder when w is divided by 16.
14
What is the remainder when 39 is divided by 1*19 + (-20)/(-10)?
18
Let x = -159 + 259. What is the remainder when x is divided by 34?
32
Let l(v) = -v + 2. Let t be 1/2 - (-3)/(-6). Let q = -1 - -2. Calculate the remainder when l(t) is divided by q.
0
Let v(w) = 15*w**2 - 5. Let r be v(4). Let l = r - 152. What is the remainder when l is divided by 28?
27
Let h(t) = t + 1. What is the remainder when 164 is divided by h(14)?
14
Suppose 6 + 42 = 4*z. What is the remainder when 22 is divided by z?
10
Let y(j) = j**2 - 4*j. Calculate the remainder when y(-6) is divided by (3 - (-48)/(-2))*-1.
18
Suppose 0 = -10*a + 4*a + 84. Calculate the remainder when 34 is divided by a.
6
Suppose 0 = j - 5*t - 58, j - 3*j - 2*t + 68 = 0. Let i be 3 - -2*(-1)/(-2). Suppose s - 16 = i. Calculate the remainder when j is divided by s.
18
Let y(x) = 5*x**2 + 5*x + 6. Let m(o) = -11*o**2 - 10*o - 13. Let t(w) = 6*m(w) + 13*y(w). Let p = 98 + -95. Calculate the remainder when t(4) is divided by p.
1
Let h(b) be the third derivative of b**5/20 + b**4/6 - b**3/3 + 2*b**2. What is the remainder when h(3) is divided by 1/5 + 320/25?
11
Let a(p) = -6*p + 4*p - 4*p - 2. What is the remainder when a(-2) is divided by 6?
4
Let c = -4 - -4. Let y(v) = v**2 + 4*v + 4. Calculate the remainder when 11 - -3 - (c - 2) is divided by y(-5).
7
Let h(i) = -i**3 + 5*i**2 + i + 2. Suppose -l + 2*l = -11. Calculate the remainder when (l/33)/((-1)/39) is divided by h(5).
6
What is the remainder when 151 is divided by (-4)/(-1) + 12 + 1?
15
Suppose 121 = 4*x - 5*p, -2*x = 5*p - 1 - 22. What is the remainder when 47 is divided by x?
23
Let o be 3 + 45/(6/2). Suppose 2*r + 2 - o = 0. Calculate the remainder when 30 is divided by r.
6
Suppose 3*y - 2*t = y + 140, -4*t = -8. Let k = y - 43. Calculate the remainder when k is divided by 15.
14
Let v be 16 - 0/(-3) - -2. Suppose h + 4*d = -3*h + 28, 3*h = -2*d + 23. Suppose -q + h = -v. Calculate the remainder when q is divided by 14.
13
Suppose 0 = o + 2*l - 5*l - 36, -4*l = -2*o + 80. Calculate the remainder when 93 is divided by o.
45
Calculate the remainder when ((-3 - 53) + 3)/(-1) is divided by 14.
11
Calculate the remainder when 78 is divided by 2 - (43 - 1)/(-3).
14
Let v(r) = r**3 + 7*r**2 - 2*r - 7. Let d(z) = -6*z + 1. Calculate the remainder when d(-2) is divided by v(-7).
6
Let q = -1 - -2. Suppose 5*w - 23 = 4*k, -k + 2 = 4. Calculate the remainder when w is divided by q.
0
Let o be (4/(-10))/((-2)/20). What is the remainder when 8 is divided by ((-30)/9)/(o/(-6))?
3
Let u(m) = -4 + 6 - 1 - m**3 - 2 - m. Calculate the remainder when u(-3) is divided by 15.
14
Let p(r) = r**3 - 14*r**2 + 14*r + 3. Calculate the remainder when 47 is divided by p(13).
15
Let y = 7 - 5. Suppose y*j = j + 41. Calculate the remainder when j is divided by 21.
20
Let g(f) be the second derivative of -f**5/20 + 2*f**4/3 - 7*f**3/6 + f**2 + f. Let z be g(7). What is the remainder when 26 is divided by 10 - (3 - (0 + z))?
8
Let t(w) = -w**3 + 2*w**2 + 7*w + 5. Let y be t(-5). Suppose y = -a + 6*a. Calculate the remainder when a is divided by 8.
5
Let l = 3 - 5. Calculate the remainder when l/((-6)/(-9)) + 16 is divided by 7.
6
Let v(p) = 2*p**2 + 4*p + 3. Let u be v(-6). Let h = u + -27. Calculate the remainder when 70 is divided by h.
22
Let a = 29 + -19. What is the remainder when 18 is divided by a?
8
Let v(r) = -r**3 - 10*r**2 - 3*r - 10. Let s = 9 + -19. Calculate the remainder when 39 is divided by v(s).
19
What is the remainder when 38 is divided by (-2)/8 + 255/12?
17
Suppose 2 = w - 3*w. Let v = 5 + w. Suppose h - v*h + 18 = 0. Calculate the remainder when 10 is divided by h.
4
Suppose 0 = -4*w + 61 + 27. Suppose -w*m - 115 = -27*m. Calculate the remainder when 67 is divided by m.
21
Let z be (5/(-1))/(4/(-4)). Suppose 2*p = 8, -96 = -z*h - 2*p + 3*p. What is the remainder when 59 is divided by h?
19
Suppose 0*v - 3*v + 285 = 0. Let d = -52 + v. Calculate the remainder when d is divided by 15.
13
Let i = -3 + 5. Suppose -5*u - 75 = -i*v - 3*v, -v + 11 = -3*u. What is the remainder when 33 is divided by v?
16
What is the remainder when 2*59 + 3*(-5)/(-15) is divided by 31?
26
Suppose 0 = -2*p - 8 - 2, -k + 3*p + 28 = 0. What is the remainder when 38 is divided by k?
12
Suppose 3*n - 2*p = n, 0 = n + p - 8. Suppose -n*j + 3*j + 29 = 0. What is the remainder when j is divided by (-106)/(-10) + 9/(-15)?
9
Suppose 0 = -2*s - 0*i + i + 106, 3*s - 2*i - 161 = 0. Suppose -a - v + s = 0, -2*v + 7*v - 5 = 0. What is the remainder when a is divided by 17?
16
Let z(a) = 2*a**2. Suppose 0*b - 7 = -b - g, -5*b = -g - 17. Calculate the remainder when b is divided by z(-1).
0
Let s(y) = 0 - 9*y - 7*y +